 divided by 1698.
22
Calculate the remainder when 4768 is divided by 3728.
1040
Calculate the remainder when 1501834 is divided by 8118.
4
Calculate the remainder when 579947 is divided by 2320.
2267
What is the remainder when 2863195 is divided by 421?
395
What is the remainder when 172210 is divided by 55040?
7090
Calculate the remainder when 708111 is divided by 909.
0
Calculate the remainder when 47681 is divided by 3227.
2503
Calculate the remainder when 6884836 is divided by 8167.
55
What is the remainder when 2993527 is divided by 121?
108
What is the remainder when 77984 is divided by 10973?
1173
Calculate the remainder when 20898032 is divided by 5224504.
16
Calculate the remainder when 10329305 is divided by 516465.
5
What is the remainder when 788095 is divided by 262672?
79
What is the remainder when 3175739 is divided by 1058565?
44
Calculate the remainder when 5059748 is divided by 389211.
5
Calculate the remainder when 829965 is divided by 1021.
913
What is the remainder when 60881 is divided by 1273?
1050
What is the remainder when 18524454 is divided by 207?
24
Calculate the remainder when 12777022 is divided by 1825272.
118
Calculate the remainder when 26804888 is divided by 14.
12
What is the remainder when 119978933 is divided by 37?
32
What is the remainder when 1497764 is divided by 1240?
1084
What is the remainder when 1635450 is divided by 817708?
34
What is the remainder when 1290699 is divided by 1615?
314
Calculate the remainder when 3561410 is divided by 890338.
58
What is the remainder when 1790479 is divided by 99465?
109
What is the remainder when 47593 is divided by 7771?
967
Calculate the remainder when 721921 is divided by 10461.
112
Calculate the remainder when 2461003 is divided by 820257.
232
What is the remainder when 5955131 is divided by 370?
351
Calculate the remainder when 2796480 is divided by 2477.
2424
Calculate the remainder when 260127 is divided by 32.
31
Calculate the remainder when 198791 is divided by 4965.
191
Calculate the remainder when 204901594 is divided by 5126.
5122
What is the remainder when 52733 is divided by 141?
140
What is the remainder when 27760035 is divided by 603479?
1
What is the remainder when 2117093 is divided by 129?
74
What is the remainder when 266066 is divided by 2583?
17
What is the remainder when 786322223 is divided by 8277076?
3
Calculate the remainder when 5814040 is divided by 1707.
1705
Calculate the remainder when 7003568 is divided by 10926.
2
What is the remainder when 994912 is divided by 248689?
156
What is the remainder when 31691355 is divided by 3118?
3
Calculate the remainder when 71665 is divided by 4170.
775
Calculate the remainder when 1101061 is divided by 52.
13
Calculate the remainder when 3212458 is divided by 113.
94
Calculate the remainder when 1805493 is divided by 285.
18
Calculate the remainder when 150203 is divided by 14913.
1073
What is the remainder when 897158 is divided by 78?
2
What is the remainder when 189170 is divided by 615?
365
What is the remainder when 737796 is divided by 246?
42
What is the remainder when 1820501 is divided by 2849?
2839
Calculate the remainder when 19232 is divided by 6410.
2
What is the remainder when 267901944 is divided by 53580387?
9
Calculate the remainder when 50361 is divided by 10793.
7189
What is the remainder when 2465443 is divided by 3698?
2575
What is the remainder when 110274071 is divided by 72?
23
Calculate the remainder when 140734 is divided by 488.
190
Calculate the remainder when 1269253 is divided by 158650.
53
What is the remainder when 196370 is divided by 1724?
1558
What is the remainder when 2232390 is divided by 435?
405
Calculate the remainder when 43420 is divided by 4014.
3280
Calculate the remainder when 160298 is divided by 35.
33
Calculate the remainder when 10546012 is divided by 5744.
28
Calculate the remainder when 6429274 is divided by 32471.
16
What is the remainder when 111163 is divided by 10068?
415
What is the remainder when 521559 is divided by 294?
3
Calculate the remainder when 16986184 is divided by 277.
267
What is the remainder when 7039 is divided by 199?
74
Calculate the remainder when 909749 is divided by 136.
45
What is the remainder when 32622279 is divided by 1180?
1179
What is the remainder when 3956473 is divided by 90?
73
What is the remainder when 10890074 is divided by 2297?
2294
What is the remainder when 43776690 is divided by 9364?
9354
What is the remainder when 1500499 is divided by 250081?
13
Calculate the remainder when 52160359 is divided by 492.
487
What is the remainder when 6133637 is divided by 2044499?
140
What is the remainder when 117135 is divided by 937?
10
Calculate the remainder when 149377 is divided by 21260.
557
What is the remainder when 64203 is divided by 1559?
284
Calculate the remainder when 1285 is divided by 1273.
12
What is the remainder when 652396 is divided by 85?
21
Calculate the remainder when 361205126 is divided by 22.
18
What is the remainder when 23974732 is divided by 311360?
12
Calculate the remainder when 437161 is divided by 643.
564
What is the remainder when 134755 is divided by 129771?
4984
What is the remainder when 234949 is divided by 191?
19
Calculate the remainder when 14478095 is divided by 172358.
23
What is the remainder when 1133278 is divided by 16?
14
Calculate the remainder when 1507082 is divided by 1198.
1196
Calculate the remainder when 69241534 is divided by 14.
12
What is the remainder when 120133 is divided by 6926?
2391
What is the remainder when 8574994 is divided by 392?
386
Calculate the remainder when 90769806 is divided by 219.
0
Calculate the remainder when 156878 is divided by 52065.
683
What is the remainder when 1446229 is divided by 396?
37
What is the remainder when 7555840 is divided by 702?
214
What is the remainder when 2433372 is divided by 811097?
81
Calculate the remainder when 13236060 is divided by 6618026.
8
What is the remainder when 112464 is divided by 55881?
702
What is the remainder when 132526556 is divided by 286854?
8
Calculate the remainder when 436956 is divided by 72709.
702
Calculate the remainder when 507157 is divided by 126719.
281
What is the remainder when 508874 is divided by 14472?
2354
Calculate the remainder when 2829430 is divided by 4912.
118
Calculate the remainder when 515590 is divided by 2038.
2014
Calculate the remainder when 14098 is divided by 14093.
5
Calculate the remainder when 628687 is divided by 6163.
61
Calculate the remainder when 4199873 is divided by 188.
141
What is the remainder when 148862 is divided by 6188?
350
What is the remainder when 565614 is divided by 166?
52
What is the remainder when 380243 is divided by 76039?
48
What is the remainder when 26290647 is divided by 739?
722
Calculate the remainder when 47300304 is divided by 10972.
12
What is the remainder when 473405 is divided by 93691?
4950
What is the remainder when 299475928 is divided by 157?
155
Calculate the remainder when 227737 is divided by 1898.
1875
What is the remainder when 115635 is divided by 398?
215
Calculate the remainder when 91086 is divided by 715.
281
Calculate the remainder when 2100210 is divided by 6482.
42
What is the remainder when 10243870 is divided by 2048772?
10
What is the remainder when 60865 is divided by 19217?
3214
Calculate the remainder when 356212 is divided by 178086.
40
What is the remainder when 51467269 is divided by 17155748?
25
Calculate the remainder when 4424876 is divided by 17559.
8
What is the remainder when 2644833 is divided by 1965?
1908
Calculate the remainder when 3531685 is divided by 97.
12
What is the remainder when 45439 is divided by 39259?
6180
What is the remainder when 29221 is divided by 500?
221
What is the remainder when 9017146 is divided by 53?
44
Calculate the remainder when 126678 is divided by 9739.
71
What is the remainder when 17051303 is divided by 17?
14
Calculate the remainder when 484877 is divided by 4077.
3791
Calculate the remainder when 45535355 is divided by 261.
251
What is the remainder when 23917330 is divided by 3487?
3484
Calculate the remainder when 109683396 is divided by 195.
186
Calculate the remainder when 242898089 is divided by 4541.
4540
What is the remainder whe